multiple of 17?
True
Does 790 divide 147707?
False
Is 6144178 a multiple of 20?
False
Does 11 divide 6250332?
True
Does 496 divide 47120?
True
Does 21 divide 3024?
True
Does 2 divide 27508?
True
Is 132385 a multiple of 29?
True
Does 25 divide 5141024?
False
Is 4215008 a multiple of 56?
True
Is 8478523 a multiple of 2234?
False
Does 3 divide 680266?
False
Is 117306 a multiple of 17?
False
Is 2038 a factor of 28444366?
True
Does 30 divide 310320?
True
Is 59942 a multiple of 19?
False
Does 19 divide 3493317?
False
Is 4 a factor of 405132?
True
Is 3712018 a multiple of 1462?
True
Does 36 divide 896383?
False
Is 428025 a multiple of 23?
False
Does 39 divide 39578?
False
Is 110229 a multiple of 21?
True
Is 5245696 a multiple of 49?
False
Is 20662931 a multiple of 61?
False
Is 8 a factor of 98301?
False
Is 7 a factor of 157629?
False
Does 325 divide 16153475?
True
Is 2545280 a multiple of 1312?
True
Is 16 a factor of 245936?
True
Is 84 a factor of 457184?
False
Does 125 divide 1901183?
False
Does 10 divide 2911030?
True
Is 65228 a multiple of 2?
True
Is 66215 a multiple of 41?
True
Is 8 a factor of 123128?
True
Is 20 a factor of 738914?
False
Is 462195 a multiple of 45?
True
Is 1008 a factor of 3685248?
True
Is 8 a factor of 600038?
False
Is 161070 a multiple of 177?
True
Does 966 divide 3676208?
False
Is 17 a factor of 145503?
True
Is 1803 a multiple of 9?
False
Does 34 divide 424103?
False
Is 124128 a multiple of 24?
True
Is 2 a factor of 74113?
False
Is 276 a factor of 6798432?
True
Does 8 divide 9532783?
False
Is 120888 a multiple of 219?
True
Does 8 divide 4992?
True
Does 27 divide 2349?
True
Is 7 a factor of 335300?
True
Is 65 a factor of 672724?
False
Does 921 divide 6176226?
True
Is 350 a multiple of 5?
True
Is 10788 a multiple of 2?
True
Is 39 a factor of 45559?
False
Is 35046 a multiple of 177?
True
Is 2410128 a multiple of 42?
True
Does 321 divide 217777?
False
Is 98268 a multiple of 6?
True
Is 9393527 a multiple of 16?
False
Is 87 a factor of 304674?
True
Is 45129 a multiple of 24?
False
Is 204 a factor of 138851?
False
Is 18 a factor of 2250025?
False
Is 131 a factor of 551473?
False
Is 212706 a multiple of 101?
True
Does 288 divide 604512?
True
Is 44 a factor of 104500?
True
Does 29 divide 565061?
False
Is 284345 a multiple of 265?
True
Is 28 a factor of 7527757?
False
Does 347 divide 22233331?
True
Does 68 divide 6313664?
True
Is 9 a factor of 293810?
False
Does 43 divide 11066775?
False
Does 13 divide 912834?
True
Is 42 a factor of 393834?
True
Does 314 divide 6316514?
False
Does 17 divide 662694?
True
Is 6 a factor of 5282674?
False
Does 7 divide 620801?
False
Is 405 a factor of 7491009?
False
Does 135 divide 517744?
False
Does 32 divide 480448?
True
Is 69149 a multiple of 14?
False
Is 16098 a multiple of 15?
False
Does 10 divide 1387200?
True
Is 49894 a multiple of 19?
True
Does 70 divide 3780?
True
Does 17 divide 577014?
True
Does 1375 divide 4841375?
True
Is 27 a factor of 2856654?
True
Does 39 divide 30131?
False
Is 364196 a multiple of 14?
True
Does 13 divide 2187627?
True
Is 7535320 a multiple of 13?
True
Is 8127616 a multiple of 1108?
False
Is 45441 a multiple of 33?
True
Is 56924 a multiple of 21?
False
Does 42 divide 1566642?
True
Is 217 a factor of 109151?
True
Does 1025 divide 221832?
False
Does 19 divide 22272123?
True
Is 5 a factor of 762535?
True
Does 10 divide 1869314?
False
Does 170 divide 50022?
False
Is 259380 a multiple of 22?
True
Is 2892245 a multiple of 22?
False
Does 3 divide 919329?
True
Does 156 divide 121368?
True
Is 212466 a multiple of 7?
False
Does 38 divide 662?
False
Is 94873 a multiple of 4?
False
Does 6 divide 1950?
True
Is 4325999 a multiple of 12?
False
Does 9 divide 162681?
False
Does 301 divide 4848207?
True
Is 1284128 a multiple of 11?
False
Is 90 a factor of 3221010?
True
Does 1538 divide 6355016?
True
Does 76 divide 33983?
False
Does 6 divide 5374443?
False
Does 36 divide 53316?
True
Does 60 divide 755760?
True
Is 324040 a multiple of 16?
False
Is 780 a factor of 119340?
True
Does 127 divide 84139?
False
Is 233 a factor of 404542?
False
Is 2553778 a multiple of 608?
False
Is 31038 a multiple of 21?
True
Is 115940 a multiple of 22?
True
Does 17 divide 1757896?
False
Is 31037388 a multiple of 3011?
True
Is 697 a factor of 1453245?
True
Is 139872 a multiple of 96?
True
Does 63 divide 200066?
False
Does 85 divide 10960575?
False
Does 137 divide 1184639?
True
Is 81 a factor of 21734704?
False
Is 25 a factor of 858752?
False
Is 9964156 a multiple of 118?
True
Is 15803 a multiple of 205?
False
Does 367 divide 378556?
False
Is 2547755 a multiple of 46?
False
Does 9 divide 125883?
True
Is 2755350 a multiple of 675?
True
Is 2153453 a multiple of 310?
False
Is 297968 a multiple of 88?
True
Does 5 divide 46700?
True
Does 7 divide 144767?
True
Is 391386 a multiple of 246?
True
Is 371718 a multiple of 470?
False
Does 215 divide 121045?
True
Is 107248 a multiple of 13?
False
Is 23 a factor of 474260?
True
Is 113 a factor of 795407?
True
Is 4467101 a multiple of 74?
False
Is 17 a factor of 790492?
False
Does 41 divide 15758?
False
Is 10572980 a multiple of 121?
True
Is 45 a factor of 2290142?
False
Is 128 a factor of 771399?
False
Is 12 a factor of 12591?
False
Does 13 divide 93970?
False
Is 608722 a multiple of 19?
True
Does 6 divide 3433312?
False
Does 40 divide 88723?
False
Does 78 divide 696774?
True
Is 163261 a multiple of 7?
True
Does 2 divide 18116?
True
Is 27 a factor of 307874?
False
Is 1298 a factor of 5752535?
False
Does 360 divide 812865?
False
Is 2876666 a multiple of 9?
False
Is 621 a factor of 3474531?
False
Is 191 a factor of 784437?
True
Is 3312751 a multiple of 360?
False
Does 4 divide 357747?
False
Is 3765347 a multiple of 168?
False
Does 736 divide 11286560?
True
Is 67 a factor of 854585?
True
Is 174 a factor of 120408?
True
Does 15 divide 11294580?
True
Does 6 divide 1144222?
False
Is 45 a factor of 607905?
True
Does 349 divide 279200?
True
Is 77 a factor of 664471?
False
Is 13 a factor of 114351?
False
Is 460624 a multiple of 9?
False
Is 1962768 a multiple of 23?
False
Is 120785 a multiple of 399?
False
Does 28 divide 127400?
True
Is 12077740 a multiple of 746?
True
Does 23 divide 114938?
False
Is 83267 a multiple of 8?
False
Is 241165 a multiple of 5?
True
Is 141 a factor of 259440?
True
Does 114 divide 3593?
False
Does 10 divide 516213?
False
Is 7 a factor of 245557?
False
Does 13 divide 24836?
False
Does 411 divide 1873153?
False
Does 13 divide 344152?
False
Is 466849 a multiple of 35?
False
Is 5 a factor of 4268849?
False
Does 16 divide 15130033?
False
Does 7 divide 4637444?
True
Is 34442 a multiple of 40?
False
Is 7 a factor of 1140692?
True
Is 32235 a multiple of 37?
False
Is 206055 a multiple of 19?
True
Does 20 divide 4089280?
True
Is 4 a factor of 11036?
True
Does 37 divide 2547382?
False
Is 9 a factor of 305634?
False
Is 156 a factor of 86801?
False
Does 23 divide 217811?
False
Is 89 a factor of 167231?
True
Is 321 a factor of 2686522?
False
Is 75522 a multiple of 208?
False
Is 200655 a multiple of 17?
False
Is 18 a factor of 251001?
False
Is 8831785 a multiple of 509?
False
Is 354978 a multiple of 9?
True
Is 6466551 a multiple of 273?
True
Is 28140 a multiple of 7?
True
Does 5 divide 234637?
False
Does 197 divide 163313?
True
Does 5 divide 9124?
False
Does 425 divide 8359750?
True
Is 99 a factor of 637473?
False
Is 126 a factor of 391860?
True
Is 98560 a multiple of 560?
True
Is 10 a factor of 439502?
False
Does 102 divide 256734?
True
Is 25 a factor of 937375?
True
Does 33 divide 29227?
False
Does 131 divide 1290079?
False
Does 153 divide 1683?
True
Is 7125 a multiple of 285?
True
Is 7 a factor of 7129?
False
Is 24 a factor of 3422904?
True
Is 42 a factor of 13366?
False
Is 227 a factor of 2500990?
False
Does 1564 divide 7662146?
False
Is 34 a factor of 153792?
False
Does 39 divide 226629?
True
Is 13146 a multiple of 20?
False
Is 1956 a factor of 27941524?
False
Does 104 divide 13592?
False
Is 94680 a multiple of 60?
True
Is 4054303 a multiple of 649?
True
Is 374542 a multiple of 31?
True
Is 25 a factor of 510000?
True
Is 11448 a multiple of 477?
True
Is 2816750 a multiple of 10?
True
Is 32 a factor of 402672?
False
Does 11 divide 331532?
False
Is 363 a factor of 669299?
